est common divisor of 570 and 27668370.
570
What is the greatest common divisor of 15239 and 261023?
49
Calculate the highest common divisor of 18465 and 12935.
5
Calculate the highest common divisor of 2882 and 328438.
22
What is the greatest common factor of 720 and 479920?
80
What is the greatest common factor of 84962 and 426420?
46
What is the greatest common divisor of 280918 and 643874?
2486
What is the greatest common divisor of 3978 and 22100?
442
What is the highest common divisor of 125957 and 10751?
13
What is the greatest common factor of 683139884 and 28?
28
Calculate the highest common divisor of 9563300 and 800.
100
Calculate the greatest common divisor of 1852917 and 96.
3
Calculate the highest common divisor of 25828 and 418910789.
6457
Calculate the greatest common factor of 1824 and 22863954.
114
Calculate the highest common factor of 13340011 and 11449.
107
Calculate the highest common factor of 45867824 and 608.
304
What is the greatest common factor of 4 and 60976166?
2
What is the highest common factor of 28598 and 11824006?
362
What is the highest common factor of 3841915 and 2971430?
6545
What is the highest common factor of 22913221 and 10051?
437
Calculate the highest common factor of 289 and 1576481128.
289
What is the greatest common factor of 20 and 1723055?
5
What is the greatest common divisor of 16 and 2358279456?
16
Calculate the greatest common divisor of 140 and 2742068.
28
What is the greatest common divisor of 46182 and 876684?
258
Calculate the highest common divisor of 265 and 9822865.
5
What is the highest common divisor of 186354443 and 175933?
10349
What is the greatest common divisor of 4524907 and 9484093?
14009
What is the greatest common factor of 120563475 and 75?
75
Calculate the highest common factor of 144 and 9041808.
48
What is the greatest common factor of 173744488 and 16184?
2312
What is the greatest common factor of 36164430 and 45?
45
Calculate the greatest common factor of 465 and 64593057.
93
What is the greatest common factor of 280 and 8013320?
280
What is the highest common divisor of 14695623 and 2331?
333
Calculate the highest common factor of 10 and 90157830.
10
What is the greatest common factor of 1316 and 1926512?
28
What is the highest common divisor of 404250 and 61500?
750
What is the highest common factor of 1290 and 1129320?
30
Calculate the highest common divisor of 4152 and 14882152.
1384
What is the greatest common divisor of 340710041 and 18453?
6151
Calculate the highest common divisor of 27345 and 8755869.
5469
Calculate the greatest common factor of 278300 and 14905.
55
What is the highest common divisor of 123139856 and 144?
16
What is the greatest common factor of 12800393 and 2810?
281
What is the highest common factor of 102 and 119153238?
102
Calculate the greatest common factor of 2595488 and 5040.
112
Calculate the greatest common divisor of 420727108 and 2672.
668
Calculate the highest common divisor of 5065303 and 8248.
1031
What is the greatest common divisor of 378 and 1324974?
42
Calculate the highest common factor of 84 and 7344687.
21
What is the greatest common factor of 8790 and 1351002?
6
What is the greatest common factor of 43239812 and 812?
812
What is the highest common factor of 846 and 2148147?
9
Calculate the greatest common divisor of 38341 and 33420016.
1667
Calculate the highest common factor of 550 and 11331050.
50
Calculate the highest common divisor of 881310 and 4350.
870
Calculate the greatest common factor of 66 and 683766.
6
What is the greatest common factor of 1600 and 525877760?
320
Calculate the highest common factor of 906 and 3365322.
6
Calculate the highest common factor of 110710760 and 7490.
1070
What is the greatest common factor of 27790 and 215?
5
What is the greatest common factor of 16800 and 13945200?
1200
Calculate the highest common divisor of 7980990 and 12070.
170
What is the highest common divisor of 1509623424 and 1434?
1434
What is the greatest common factor of 7798484 and 1293444?
7564
Calculate the highest common factor of 1044 and 15164796.
348
Calculate the highest common factor of 5384 and 40184.
8
Calculate the greatest common divisor of 272309 and 8602126.
887
What is the greatest common factor of 4416 and 965792?
32
Calculate the highest common divisor of 1683978 and 1062.
354
Calculate the highest common divisor of 2851590 and 280.
70
What is the highest common divisor of 239101008 and 144?
48
What is the highest common divisor of 37979676 and 1537?
29
What is the greatest common divisor of 8 and 10253832?
8
What is the highest common factor of 2793882 and 784?
98
What is the greatest common divisor of 133634970 and 455?
35
Calculate the greatest common factor of 3625905 and 9885.
15
What is the highest common divisor of 588686 and 44443?
49
What is the greatest common factor of 46786 and 108487?
157
What is the highest common factor of 79622 and 1202098?
1942
Calculate the highest common factor of 161772092 and 278.
278
What is the highest common factor of 630 and 70400106?
126
What is the greatest common divisor of 6 and 11667290?
2
What is the highest common factor of 1668009 and 43806?
147
What is the highest common factor of 11200 and 28350?
350
What is the greatest common divisor of 30873 and 4317?
3
Calculate the highest common factor of 538567452 and 72.
36
Calculate the highest common divisor of 144407 and 3.
1
What is the highest common factor of 2462852 and 1288?
28
What is the greatest common divisor of 66870715 and 5?
5
What is the greatest common factor of 18688900 and 1500?
100
Calculate the highest common factor of 575406 and 17046.
18
Calculate the highest common factor of 1494675 and 186807.
219
What is the highest common divisor of 893658 and 534?
6
What is the greatest common divisor of 19 and 32047661?
19
Calculate the highest common divisor of 10024 and 14145117.
1253
What is the highest common factor of 2211201 and 33165?
603
What is the highest common divisor of 7987256 and 532611?
1909
Calculate the highest common factor of 42842800 and 80.
80
Calculate the greatest common divisor of 1303961056 and 22944.
7648
What is the greatest common divisor of 340206 and 106?
2
What is the greatest common factor of 648165861 and 5013?
5013
Calculate the greatest common divisor of 48 and 43958388.
12
What is the greatest common divisor of 980580 and 88500?
3540
What is the greatest common divisor of 71042458 and 142?
142
Calculate the greatest common divisor of 153403111 and 1448.
181
What is the greatest common divisor of 855 and 597585?
15
What is the greatest common factor of 10659 and 207612449?
3553
What is the highest common factor of 285133 and 952421?
349
What is the greatest common factor of 1331627 and 1122?
187
What is the highest common divisor of 1758112 and 6496?
32
What is the highest common divisor of 27 and 84782844?
9
Calculate the greatest common factor of 382536 and 467775.
2079
Calculate the highest common factor of 49711470 and 90.
30
What is the highest common factor of 45270511 and 780?
13
Calculate the highest common divisor of 31915237 and 326.
163
Calculate the highest common divisor of 515 and 1718143.
103
What is the highest common divisor of 114730 and 50752380?
10430
Calculate the greatest common factor of 66099061 and 4935.
329
Calculate the greatest common factor of 60552 and 103002316.
3364
Calculate the highest common divisor of 159336 and 24696.
72
Calculate the highest common divisor of 1146311 and 4012.
59
What is the highest common factor of 80245836 and 1782?
594
Calculate the highest common divisor of 317093143 and 1399.
1399
What is the highest common divisor of 5 and 257869240?
5
Calculate the highest common factor of 82148703 and 8295.
1659
Calculate the greatest common factor of 77718510 and 270.
90
Calculate the highest common factor of 80485993 and 574.
287
Calculate the highest common divisor of 18276641 and 29.
29
Calculate the highest common divisor of 2070480 and 384.
48
What is the greatest common factor of 142646 and 141358?
322
Calculate the greatest common factor of 186436 and 107531.
367
Calculate the highest common factor of 229580 and 26540.
20
What is the highest common divisor of 2402285 and 303?
101
Calculate the greatest 